hat is the highest common factor of 114453 and 58404?
471
Calculate the greatest common divisor of 26386 and 474.
158
What is the highest common divisor of 27303 and 456?
57
What is the highest common divisor of 3880859 and 713?
713
Calculate the greatest common divisor of 57 and 171.
57
What is the greatest common divisor of 14377 and 44?
11
Calculate the greatest common factor of 699 and 51.
3
Calculate the highest common divisor of 136928 and 44.
44
Calculate the highest common factor of 29631 and 759948.
1743
What is the greatest common divisor of 5631 and 201?
3
What is the greatest common factor of 59772 and 4488?
204
What is the highest common divisor of 3 and 149105?
1
What is the highest common divisor of 41111 and 1519?
49
Calculate the greatest common divisor of 8880 and 44548.
148
Calculate the greatest common factor of 4314 and 444.
6
Calculate the greatest common factor of 1996 and 664.
4
Calculate the greatest common factor of 3695792 and 101.
101
Calculate the greatest common factor of 1712 and 2000.
16
Calculate the highest common factor of 234 and 28522.
26
Calculate the greatest common divisor of 213664 and 616.
88
What is the highest common factor of 51745 and 395?
395
What is the highest common divisor of 41581 and 2021?
43
What is the greatest common factor of 2321 and 9350?
11
Calculate the highest common factor of 729 and 1101.
3
Calculate the highest common factor of 90294 and 66.
6
Calculate the greatest common factor of 25484 and 56.
4
Calculate the greatest common factor of 3268 and 2623.
43
What is the highest common divisor of 1301475 and 300?
75
Calculate the highest common factor of 7 and 202797.
7
Calculate the greatest common divisor of 56 and 16982.
14
Calculate the highest common factor of 6924 and 3816.
12
What is the highest common divisor of 17010 and 2484?
54
What is the highest common divisor of 386736 and 7504?
112
Calculate the greatest common factor of 1953 and 25200.
63
Calculate the highest common factor of 22578 and 710.
142
Calculate the highest common divisor of 79049 and 411.
137
Calculate the highest common factor of 796778 and 10222.
538
Calculate the greatest common factor of 12670 and 490.
70
Calculate the greatest common factor of 85224 and 16281.
201
Calculate the highest common factor of 165230 and 8897.
1271
Calculate the greatest common divisor of 144 and 408072.
24
What is the greatest common factor of 173844 and 297?
99
What is the greatest common factor of 84218 and 51?
17
What is the highest common factor of 5050 and 120695?
505
What is the highest common factor of 66 and 153692?
22
Calculate the highest common divisor of 173204 and 1484.
212
Calculate the highest common divisor of 495 and 935.
55
Calculate the greatest common divisor of 11453 and 4.
1
Calculate the highest common divisor of 32 and 48968.
8
What is the greatest common divisor of 132 and 87372?
12
Calculate the highest common divisor of 97230 and 840.
210
Calculate the greatest common factor of 124 and 17546.
62
Calculate the greatest common factor of 11 and 855833.
11
What is the greatest common divisor of 220 and 289465?
55
Calculate the highest common factor of 4040 and 2440.
40
Calculate the greatest common factor of 166 and 780366.
166
Calculate the highest common divisor of 261437 and 11.
11
What is the highest common divisor of 93 and 65131?
31
Calculate the greatest common factor of 807084 and 12.
12
Calculate the highest common factor of 54087 and 7599.
447
What is the highest common divisor of 8189 and 2033?
19
Calculate the highest common divisor of 178656 and 24.
24
Calculate the highest common factor of 178237 and 411.
137
What is the greatest common divisor of 27 and 222291?
27
What is the greatest common divisor of 231 and 12719?
7
Calculate the greatest common factor of 2478 and 882.
42
What is the greatest common divisor of 1648318 and 161?
161
What is the highest common factor of 689 and 133984?
53
Calculate the highest common factor of 1045 and 1577741.
209
What is the highest common divisor of 2282 and 1148?
14
Calculate the highest common divisor of 12 and 4074324.
12
Calculate the highest common divisor of 26 and 217750.
26
Calculate the highest common divisor of 200846 and 3448.
862
What is the greatest common divisor of 47930 and 40?
10
What is the greatest common divisor of 402 and 984?
6
What is the highest common factor of 40699 and 2?
1
What is the highest common divisor of 770 and 301510?
110
What is the highest common factor of 293847 and 1927?
41
What is the highest common factor of 490 and 4400?
10
What is the greatest common factor of 104 and 61412?
52
Calculate the greatest common factor of 16555 and 605.
55
Calculate the highest common factor of 795 and 3630.
15
What is the greatest common factor of 5041 and 73272?
71
What is the greatest common divisor of 154 and 361823?
77
Calculate the highest common factor of 78 and 1612.
26
What is the highest common divisor of 153889 and 3?
1
Calculate the greatest common factor of 2956576 and 14.
14
Calculate the highest common divisor of 12 and 268764.
12
Calculate the highest common divisor of 2 and 292601.
1
Calculate the highest common factor of 16 and 329064.
8
Calculate the highest common divisor of 264 and 149226.
66
Calculate the highest common factor of 340952 and 218.
218
What is the highest common divisor of 56 and 223384?
56
What is the highest common factor of 4996956 and 12?
12
What is the greatest common factor of 3816 and 3384?
72
What is the highest common divisor of 9 and 232650?
9
Calculate the greatest common factor of 6800 and 1100.
100
What is the greatest common divisor of 2271 and 2?
1
What is the highest common divisor of 2536 and 152?
8
What is the greatest common factor of 10230 and 6045?
465
Calculate the highest common factor of 1650 and 60900.
150
Calculate the greatest common factor of 988 and 24890.
38
What is the highest common factor of 28082 and 95?
19
What is the greatest common divisor of 41895 and 342?
171
Calculate the greatest common factor of 480 and 356940.
60
What is the highest common factor of 5362 and 1148?
14
What is the greatest common divisor of 47421 and 198?
99
Calculate the highest common divisor of 28 and 17241.
7
Calculate the highest common divisor of 117 and 121901.
13
Calculate the highest common divisor of 102 and 22071.
3
Calculate the greatest common divisor of 1220 and 78812.
244
Calculate the greatest common factor of 13608 and 56.
56
What is the highest common factor of 42 and 9942?
6
Calculate the highest common divisor of 8 and 11224.
8
Calculate the highest common factor of 155 and 327205.
155
What is the highest common factor of 42880 and 4355?
335
What is the highest common divisor of 117 and 223457?
13
Calculate the highest common factor of 1320 and 8635.
55
What is the highest common factor of 12638956 and 51?
17
Calculate the highest common factor of 27305 and 86.
43
What is the highest common divisor of 8153 and 93?
31
What is the highest common divisor of 178422 and 10218?
786
What is the greatest common factor of 796746 and 114?
114
What is the greatest common factor of 614451 and 93?
93
What is the highest common divisor of 14820 and 2145?
195
What is the highest common divisor of 16 and 1921896?
8
Calculate the highest common factor of 4553 and 5974.
29
What is the highest common factor of 1495529 and 2654?
1327
What is the highest common factor of 70216 and 68644?
524
What is the highest common divisor of 108 and 500844?
12
What is the highest common divisor of 1425762 and 81?
81
Calculate the highest common divisor of 93138 and 1806.
258
Calculate the greatest common factor of 170 and 358870.
170
What is the greatest common factor of 3000 and 978?
6
What is the greatest common factor of 162996 and 289?
289
Calculate the greatest common factor of 7957 and 5402.
73
What is the greatest common factor of 30085 and 10?
5
What is the greatest common factor of 894 and 12814?
298
Calculate the highest common factor of 8573669 and 13.
13
Calculate the greatest common divisor of 71446 and 514.
514
What is the greatest common divisor of 179707 and 374?
187
Calculate the greatest common factor of 1855 and 1925.
35
What is the greatest common factor of 1481931 and 297?
99
